{"id":4657,"date":"2017-10-09T17:48:31","date_gmt":"2017-10-09T17:48:31","guid":{"rendered":"http:\/\/zumbalaturba.com.ar\/?page_id=4657"},"modified":"2017-10-09T17:48:31","modified_gmt":"2017-10-09T17:48:31","slug":"resolucion-11022015-afsca","status":"publish","type":"page","link":"https:\/\/zumbalaturba.com.ar\/?page_id=4657","title":{"rendered":"Resoluci\u00f3n 1102\/2015 \/ AFSCA"},"content":{"rendered":"<p><strong>Radio Zumba la Turba se encuentra enmarcada legalmente en la resoluci\u00f3n\u00a0<a href=\"https:\/\/zumbalaturba.com.ar\/wp-content\/uploads\/2017\/10\/Resoluci\u00f3n-1102.pdf\">Resoluci\u00f3n 1102<\/a> \/2015 del AFSCA y est\u00e1 <a href=\"https:\/\/zumbalaturba.com.ar\/wp-content\/uploads\/2017\/10\/Tabla-con-N%C3%BAmero-de-Padr%C3%B3n2.pdf\">empadronada<\/a> con el n\u00famero 108.<\/strong><\/p>\n<div>EL DIRECTORIO DE LA AUTORIDAD FEDERAL<\/div>\n<div>DE SERVICIOS DE COMUNICACI\u00d3N AUDIOVISUAL<\/div>\n<div><\/div>\n<div>RESUELVE:<\/div>\n<div><\/div>\n<div>ARTICULO 1\u00b0 \u2014 D\u00e1nse por reconocidas en su car\u00e1cter de comunitarias a las personas de existencia<\/div>\n<div>ideal sin fines de lucro prestadoras de servicios de comunicaci\u00f3n audiovisual por modulaci\u00f3n de<\/div>\n<div>frecuencia, consignadas en el Anexo I, contempladas a trav\u00e9s de la Resoluci\u00f3n N\u00b0 753-COMFER\/06.<\/div>\n<div><\/div>\n<div>ARTICULO 2\u00b0 \u2014 D\u00e1nse por empadronadas en su car\u00e1cter de comunitarias a las personas de existencia<\/div>\n<div>ideal sin fines de lucro prestadoras de servicios de comunicaci\u00f3n audiovisual por modulaci\u00f3n de<\/div>\n<div>frecuencia, consignadas en el Anexo II, contempladas a trav\u00e9s de la Resoluci\u00f3n N\u00b0 1478-AFSCA\/14.<\/div>\n<div><\/div>\n<div>ARTICULO 3\u00b0 \u2014 Ot\u00f3rgase a las personas de existencia ideal sin fines de lucro comunitarias reconocidas<\/div>\n<div>en el art\u00edculo 1\u00b0:<\/div>\n<div>a) un puntaje preferencial respecto a las personas jur\u00eddicas sin fines de lucro que no revistan tal car\u00e1cter,<\/div>\n<div>en oportunidad de convocarse a concurso p\u00fablico por esta Autoridad Federal, para dichos servicios.<\/div>\n<div>b) la reserva de espectro correspondiente, prevista en el art\u00edculo 89 inciso f) de la Ley N\u00b0 26.522.<\/div>\n<div><\/div>\n<div>ARTICULO 4\u00b0 \u2014 Ot\u00f3rgase a las personas de existencia ideal sin fines de lucro comunitarias se\u00f1aladas<\/div>\n<div>en el art\u00edculo 2\u00b0 un puntaje preferencial respecto a las personas jur\u00eddicas sin fines de lucro que no<\/div>\n<div>revistan tal car\u00e1cter, en oportunidad de convocarse a concurso p\u00fablico por esta Autoridad Federal, para<\/div>\n<div>dichos servicios.<\/div>\n<p>&nbsp;<\/p>\n<div class='share-to-whatsapp-wrapper'><div class='share-on-whsp'>Share on: <\/div><div class='clear '><\/div><\/div>","protected":false},"excerpt":{"rendered":"<p>Radio Zumba la Turba se encuentra enmarcada legalmente en la resoluci\u00f3n\u00a0Resoluci\u00f3n 1102 \/2015 del AFSCA y est\u00e1 empadronada con el n\u00famero 108. EL DIRECTORIO DE LA AUTORIDAD FEDERAL DE SERVICIOS DE COMUNICACI\u00d3N AUDIOVISUAL RESUELVE: ARTICULO 1\u00b0 \u2014 D\u00e1nse por reconocidas en su car\u00e1cter de comunitarias a las personas de existencia ideal sin fines de lucro [&hellip;]<\/p>\n","protected":false},"author":2,"featured_media":0,"parent":0,"menu_order":0,"comment_status":"closed","ping_status":"closed","template":"","meta":{"footnotes":""},"class_list":["post-4657","page","type-page","status-publish","hentry"],"_links":{"self":[{"href":"https:\/\/zumbalaturba.com.ar\/index.php?rest_route=\/wp\/v2\/pages\/4657","targetHints":{"allow":["GET"]}}],"collection":[{"href":"https:\/\/zumbalaturba.com.ar\/index.php?rest_route=\/wp\/v2\/pages"}],"about":[{"href":"https:\/\/zumbalaturba.com.ar\/index.php?rest_route=\/wp\/v2\/types\/page"}],"author":[{"embeddable":true,"href":"https:\/\/zumbalaturba.com.ar\/index.php?rest_route=\/wp\/v2\/users\/2"}],"replies":[{"embeddable":true,"href":"https:\/\/zumbalaturba.com.ar\/index.php?rest_route=%2Fwp%2Fv2%2Fcomments&post=4657"}],"version-history":[{"count":0,"href":"https:\/\/zumbalaturba.com.ar\/index.php?rest_route=\/wp\/v2\/pages\/4657\/revisions"}],"wp:attachment":[{"href":"https:\/\/zumbalaturba.com.ar\/index.php?rest_route=%2Fwp%2Fv2%2Fmedia&parent=4657"}],"curies":[{"name":"wp","href":"https:\/\/api.w.org\/{rel}","templated":true}]}}