{"id":8679,"date":"2023-10-20T08:33:19","date_gmt":"2023-10-20T11:33:19","guid":{"rendered":"https:\/\/zumbalaturba.com.ar\/?page_id=8679"},"modified":"2024-09-27T18:42:46","modified_gmt":"2024-09-27T21:42:46","slug":"inoportunas","status":"publish","type":"page","link":"https:\/\/zumbalaturba.com.ar\/?page_id=8679","title":{"rendered":"Inoportunas"},"content":{"rendered":"\t\t<div data-elementor-type=\"wp-page\" data-elementor-id=\"8679\" class=\"elementor elementor-8679\">\n\t\t\t\t\t\t<section class=\"elementor-section elementor-top-section elementor-element elementor-element-2266deb elementor-section-boxed elementor-section-height-default elementor-section-height-default\" data-id=\"2266deb\" data-element_type=\"section\" data-e-type=\"section\">\n\t\t\t\t\t\t<div class=\"elementor-container elementor-column-gap-default\">\n\t\t\t\t\t<div class=\"elementor-column elementor-col-100 elementor-top-column elementor-element elementor-element-e3f8baf\" data-id=\"e3f8baf\" data-element_type=\"column\" data-e-type=\"column\">\n\t\t\t<div class=\"elementor-widget-wrap elementor-element-populated\">\n\t\t\t\t\t\t<div class=\"elementor-element elementor-element-59a3d9f elementor-widget elementor-widget-spacer\" data-id=\"59a3d9f\" data-element_type=\"widget\" data-e-type=\"widget\" data-widget_type=\"spacer.default\">\n\t\t\t\t<div class=\"elementor-widget-container\">\n\t\t\t\t\t\t\t<div class=\"elementor-spacer\">\n\t\t\t<div class=\"elementor-spacer-inner\"><\/div>\n\t\t<\/div>\n\t\t\t\t\t\t<\/div>\n\t\t\t\t<\/div>\n\t\t\t\t<div class=\"elementor-element elementor-element-c444c59 elementor-widget elementor-widget-heading\" data-id=\"c444c59\" data-element_type=\"widget\" data-e-type=\"widget\" data-widget_type=\"heading.default\">\n\t\t\t\t<div class=\"elementor-widget-container\">\n\t\t\t\t\t<h2 class=\"elementor-heading-title elementor-size-default\">Inoportunas<\/h2>\t\t\t\t<\/div>\n\t\t\t\t<\/div>\n\t\t\t\t<div class=\"elementor-element elementor-element-315930d elementor-widget elementor-widget-spacer\" data-id=\"315930d\" data-element_type=\"widget\" data-e-type=\"widget\" data-widget_type=\"spacer.default\">\n\t\t\t\t<div class=\"elementor-widget-container\">\n\t\t\t\t\t\t\t<div class=\"elementor-spacer\">\n\t\t\t<div class=\"elementor-spacer-inner\"><\/div>\n\t\t<\/div>\n\t\t\t\t\t\t<\/div>\n\t\t\t\t<\/div>\n\t\t\t\t\t<\/div>\n\t\t<\/div>\n\t\t\t\t\t<\/div>\n\t\t<\/section>\n\t\t\t\t<section class=\"elementor-section elementor-top-section elementor-element elementor-element-3a7ae4f elementor-section-boxed elementor-section-height-default elementor-section-height-default\" data-id=\"3a7ae4f\" data-element_type=\"section\" data-e-type=\"section\">\n\t\t\t\t\t\t<div class=\"elementor-container elementor-column-gap-default\">\n\t\t\t\t\t<div class=\"elementor-column elementor-col-50 elementor-top-column elementor-element elementor-element-aadaaf4\" data-id=\"aadaaf4\" data-element_type=\"column\" data-e-type=\"column\">\n\t\t\t<div class=\"elementor-widget-wrap elementor-element-populated\">\n\t\t\t\t\t\t<div class=\"elementor-element elementor-element-9acba75 elementor-widget elementor-widget-text-editor\" data-id=\"9acba75\" data-element_type=\"widget\" data-e-type=\"widget\" data-widget_type=\"text-editor.default\">\n\t\t\t\t<div class=\"elementor-widget-container\">\n\t\t\t\t\t\t\t\t\t<p>\u00a0<\/p><p>\ud83d\udcfb\ud83c\udf99INOPORTUNAS\ud83c\udf99\ud83d\udcfb<\/p><p><span style=\"color: #ffffff;\">\u00a0<\/span><\/p><p>\ud83d\udcfb &#8220;Eh! \u00bfViste lo que sali\u00f3 en las noticias? \u00a1M\u00e1s que periodismo parece parodismo! Sumate a problematizar a trav\u00e9s del humor la perspectiva de los medios oficiales. Somos Raiken y Luqui, dos maricxs que burlan al fascismo de la \u00e9poca, para no morir de angustia. Una juglar\u00eda radial condimentada tambi\u00e9n con alternativas culturales y teatro..&#8221;<\/p><p><span style=\"color: #ffffff;\">\u00a0<\/span><\/p><p>\ud83d\udc49 Activaremos chat de whatsapp en el horario de radio y vas a poder interactuar con nosotres.<\/p><p>\ud83d\udc49 Nos podes pedir musiquita.<\/p><p><span style=\"color: #ffffff;\">\u00a0<\/span><\/p><p>\ud83d\udce2Escuchalo por la zumba!<\/p><p><span style=\"color: #ffffff;\">\u00a0<\/span><\/p><p>\u2b55 EN VIVO \u2b55\u00a0<\/p><p>VIERNES DE 16 a 17 HS\u23f0<\/p>\t\t\t\t\t\t\t\t<\/div>\n\t\t\t\t<\/div>\n\t\t\t\t\t<\/div>\n\t\t<\/div>\n\t\t\t\t<div class=\"elementor-column elementor-col-50 elementor-top-column elementor-element elementor-element-92272ef\" data-id=\"92272ef\" data-element_type=\"column\" data-e-type=\"column\">\n\t\t\t<div class=\"elementor-widget-wrap elementor-element-populated\">\n\t\t\t\t\t\t<div class=\"elementor-element elementor-element-1399afb elementor-widget elementor-widget-image\" data-id=\"1399afb\" data-element_type=\"widget\" data-e-type=\"widget\" data-widget_type=\"image.default\">\n\t\t\t\t<div class=\"elementor-widget-container\">\n\t\t\t\t\t\t\t\t\t\t\t\t\t\t\t<img fetchpriority=\"high\" decoding=\"async\" width=\"576\" height=\"1024\" src=\"https:\/\/zumbalaturba.com.ar\/wp-content\/uploads\/2023\/10\/inoportunas-576x1024.jpeg\" class=\"attachment-large size-large wp-image-8729\" alt=\"\" srcset=\"https:\/\/zumbalaturba.com.ar\/wp-content\/uploads\/2023\/10\/inoportunas-576x1024.jpeg 576w, https:\/\/zumbalaturba.com.ar\/wp-content\/uploads\/2023\/10\/inoportunas-169x300.jpeg 169w, https:\/\/zumbalaturba.com.ar\/wp-content\/uploads\/2023\/10\/inoportunas.jpeg 720w\" sizes=\"(max-width: 576px) 100vw, 576px\" \/>\t\t\t\t\t\t\t\t\t\t\t\t\t\t\t<\/div>\n\t\t\t\t<\/div>\n\t\t\t\t\t<\/div>\n\t\t<\/div>\n\t\t\t\t\t<\/div>\n\t\t<\/section>\n\t\t\t\t<section class=\"elementor-section elementor-top-section elementor-element elementor-element-0cd0882 elementor-section-boxed elementor-section-height-default elementor-section-height-default\" data-id=\"0cd0882\" data-element_type=\"section\" data-e-type=\"section\">\n\t\t\t\t\t\t<div class=\"elementor-container elementor-column-gap-default\">\n\t\t\t\t\t<div class=\"elementor-column elementor-col-100 elementor-top-column elementor-element elementor-element-fb16e6d\" data-id=\"fb16e6d\" data-element_type=\"column\" data-e-type=\"column\">\n\t\t\t<div class=\"elementor-widget-wrap elementor-element-populated\">\n\t\t\t\t\t\t<div class=\"elementor-element elementor-element-97f4004 elementor-widget elementor-widget-spacer\" data-id=\"97f4004\" data-element_type=\"widget\" data-e-type=\"widget\" data-widget_type=\"spacer.default\">\n\t\t\t\t<div class=\"elementor-widget-container\">\n\t\t\t\t\t\t\t<div class=\"elementor-spacer\">\n\t\t\t<div class=\"elementor-spacer-inner\"><\/div>\n\t\t<\/div>\n\t\t\t\t\t\t<\/div>\n\t\t\t\t<\/div>\n\t\t\t\t\t<\/div>\n\t\t<\/div>\n\t\t\t\t\t<\/div>\n\t\t<\/section>\n\t\t\t\t<section class=\"elementor-section elementor-top-section elementor-element elementor-element-4566dfb elementor-section-boxed elementor-section-height-default elementor-section-height-default\" data-id=\"4566dfb\" data-element_type=\"section\" data-e-type=\"section\">\n\t\t\t\t\t\t<div class=\"elementor-container elementor-column-gap-default\">\n\t\t\t\t\t<div class=\"elementor-column elementor-col-100 elementor-top-column elementor-element elementor-element-fc83e55\" data-id=\"fc83e55\" data-element_type=\"column\" data-e-type=\"column\">\n\t\t\t<div class=\"elementor-widget-wrap elementor-element-populated\">\n\t\t\t\t\t\t<div class=\"elementor-element elementor-element-a4ac819 elementor-widget elementor-widget-html\" data-id=\"a4ac819\" data-element_type=\"widget\" data-e-type=\"widget\" data-widget_type=\"html.default\">\n\t\t\t\t<div class=\"elementor-widget-container\">\n\t\t\t\t\t<iframe src=\"https:\/\/www.ivoox.com\/player_es_podcast_2251676_zp_1.html\" width=\"100%\" style=\"border: 0px solid #FFFFFF;\" height=\"400\" frameborder=\"0\" allowfullscreen=\"0\" scrolling=\"no\" loading=\"lazy\"><\/iframe>\t\t\t\t<\/div>\n\t\t\t\t<\/div>\n\t\t\t\t\t<\/div>\n\t\t<\/div>\n\t\t\t\t\t<\/div>\n\t\t<\/section>\n\t\t\t\t<\/div>\n\t\t<div class='share-to-whatsapp-wrapper'><div class='share-on-whsp'>Share on: <\/div><div class='clear '><\/div><\/div>","protected":false},"excerpt":{"rendered":"<p>Inoportunas \u00a0 \ud83d\udcfb\ud83c\udf99INOPORTUNAS\ud83c\udf99\ud83d\udcfb \u00a0 \ud83d\udcfb &#8220;Eh! \u00bfViste lo que sali\u00f3 en las noticias? \u00a1M\u00e1s que periodismo parece parodismo! Sumate a problematizar a trav\u00e9s del humor la perspectiva de los medios oficiales. Somos Raiken y Luqui, dos maricxs que burlan al fascismo de la \u00e9poca, para no morir de angustia. Una juglar\u00eda radial condimentada tambi\u00e9n con [&hellip;]<\/p>\n","protected":false},"author":23,"featured_media":0,"parent":0,"menu_order":0,"comment_status":"closed","ping_status":"closed","template":"","meta":{"footnotes":""},"class_list":["post-8679","page","type-page","status-publish","hentry"],"_links":{"self":[{"href":"https:\/\/zumbalaturba.com.ar\/index.php?rest_route=\/wp\/v2\/pages\/8679","targetHints":{"allow":["GET"]}}],"collection":[{"href":"https:\/\/zumbalaturba.com.ar\/index.php?rest_route=\/wp\/v2\/pages"}],"about":[{"href":"https:\/\/zumbalaturba.com.ar\/index.php?rest_route=\/wp\/v2\/types\/page"}],"author":[{"embeddable":true,"href":"https:\/\/zumbalaturba.com.ar\/index.php?rest_route=\/wp\/v2\/users\/23"}],"replies":[{"embeddable":true,"href":"https:\/\/zumbalaturba.com.ar\/index.php?rest_route=%2Fwp%2Fv2%2Fcomments&post=8679"}],"version-history":[{"count":0,"href":"https:\/\/zumbalaturba.com.ar\/index.php?rest_route=\/wp\/v2\/pages\/8679\/revisions"}],"wp:attachment":[{"href":"https:\/\/zumbalaturba.com.ar\/index.php?rest_route=%2Fwp%2Fv2%2Fmedia&parent=8679"}],"curies":[{"name":"wp","href":"https:\/\/api.w.org\/{rel}","templated":true}]}}